{"id":146,"date":"2012-09-05T08:02:53","date_gmt":"2012-09-05T08:02:53","guid":{"rendered":"http:\/\/rolas.home.pl\/zaparkiem\/?page_id=146"},"modified":"2025-07-24T08:05:53","modified_gmt":"2025-07-24T08:05:53","slug":"administracja","status":"publish","type":"page","link":"https:\/\/www.zaparkiem.pl\/?page_id=146","title":{"rendered":"Aktualno\u015bci"},"content":{"rendered":"\n\t\t<style type=\"text\/css\">\n\t\t\t#gallery-1 {\n\t\t\t\tmargin: auto;\n\t\t\t}\n\t\t\t#gallery-1 .gallery-item {\n\t\t\t\tfloat: left;\n\t\t\t\tmargin-top: 10px;\n\t\t\t\ttext-align: center;\n\t\t\t\twidth: 100%;\n\t\t\t}\n\t\t\t#gallery-1 img {\n\t\t\t\tborder: 2px solid #cfcfcf;\n\t\t\t}\n\t\t\t#gallery-1 .gallery-caption {\n\t\t\t\tmargin-left: 0;\n\t\t\t}\n\t\t\t\/* see gallery_shortcode() in wp-includes\/media.php *\/\n\t\t<\/style>\n\t\t<div id='gallery-1' class='gallery galleryid-146 gallery-columns-1 gallery-size-large'><dl class='gallery-item'>\n\t\t\t<dt class='gallery-icon portrait'>\n\t\t\t\t<a href='https:\/\/www.zaparkiem.pl\/?attachment_id=1204'><img loading=\"lazy\" decoding=\"async\" width=\"584\" height=\"826\" src=\"https:\/\/www.zaparkiem.pl\/wp-content\/uploads\/2025\/07\/1015_odp_18_06_2025_Malinowska-Grupinska-page-001-724x1024.jpg\" class=\"attachment-large size-large\" alt=\"\" srcset=\"https:\/\/www.zaparkiem.pl\/wp-content\/uploads\/2025\/07\/1015_odp_18_06_2025_Malinowska-Grupinska-page-001-724x1024.jpg 724w, https:\/\/www.zaparkiem.pl\/wp-content\/uploads\/2025\/07\/1015_odp_18_06_2025_Malinowska-Grupinska-page-001-212x300.jpg 212w, https:\/\/www.zaparkiem.pl\/wp-content\/uploads\/2025\/07\/1015_odp_18_06_2025_Malinowska-Grupinska-page-001-768x1086.jpg 768w, https:\/\/www.zaparkiem.pl\/wp-content\/uploads\/2025\/07\/1015_odp_18_06_2025_Malinowska-Grupinska-page-001-1086x1536.jpg 1086w, https:\/\/www.zaparkiem.pl\/wp-content\/uploads\/2025\/07\/1015_odp_18_06_2025_Malinowska-Grupinska-page-001-1448x2048.jpg 1448w, https:\/\/www.zaparkiem.pl\/wp-content\/uploads\/2025\/07\/1015_odp_18_06_2025_Malinowska-Grupinska-page-001-scaled.jpg 1810w\" sizes=\"auto, (max-width: 584px) 100vw, 584px\" \/><\/a>\n\t\t\t<\/dt><\/dl><br style=\"clear: both\" \/>\n\t\t<\/div>\n\n<p>&nbsp;<\/p>\n<p>&nbsp;<\/p>\n<p><strong>Zarz\u0105d Sp\u00f3\u0142dzielni zawiadamia, \u017ce zosta\u0142y wykonane<\/strong><br \/>\n<strong>\u015aWIADECTWA CHARAKTERYSTYKI ENERGETYCZNEJ BUDYNK\u00d3W<\/strong><br \/>\n<strong>przy ul. W\u0142odarzewskiej 51F; 51G; 51H i 51J.<\/strong><\/p>\n<p><a href=\"https:\/\/www.zaparkiem.pl\/wp-content\/uploads\/2024\/04\/KLAUZULA-INFORMACYJNA-O-PRZETWARZANIU-DANYCH-OSOBOWYCH-dot.-monitoringu.pdf\">KLAUZULA INFORMACYJNA O PRZETWARZANIU DANYCH OSOBOWYCH dot.monitoringu<\/a><\/p>\n<p><a href=\"https:\/\/www.zaparkiem.pl\/wp-content\/uploads\/2024\/04\/KLAUZULA-INFORMACYJNA-O-PRZETWARZANIU-DANYCH-OSOBOWYCH.pdf\">KLAUZULA INFORMACYJNA O PRZETWARZANIU DANYCH OSOBOWYCH<\/a><\/p>\n<div id=\"simple-translate\" class=\"simple-translate-system-theme\">\n<div>\n<div class=\"simple-translate-button isShow\" style=\"background-image: url('moz-extension:\/\/5cbc6506-6fd7-4082-b7f1-079df5a315dd\/icons\/512.png'); height: 22px; width: 22px; top: 99px; left: 139px;\"><\/div>\n<div class=\"simple-translate-panel \" style=\"width: 300px; height: 200px; top: 0px; left: 0px; font-size: 13px;\">\n<div class=\"simple-translate-result-wrapper\" style=\"overflow: hidden;\">\n<div class=\"simple-translate-move\" draggable=\"true\"><\/div>\n<div class=\"simple-translate-result-contents\">\n<p class=\"simple-translate-result\" dir=\"auto\">\n<p class=\"simple-translate-candidate\" dir=\"auto\">\n<\/div>\n<\/div>\n<\/div>\n<\/div>\n<\/div>\n","protected":false},"excerpt":{"rendered":"<p>&nbsp; &nbsp; Zarz\u0105d Sp\u00f3\u0142dzielni zawiadamia, \u017ce zosta\u0142y wykonane \u015aWIADECTWA CHARAKTERYSTYKI ENERGETYCZNEJ BUDYNK\u00d3W przy ul. W\u0142odarzewskiej 51F; 51G; 51H i 51J. KLAUZULA INFORMACYJNA O PRZETWARZANIU DANYCH OSOBOWYCH dot.monitoringu KLAUZULA INFORMACYJNA O PRZETWARZANIU DANYCH OSOBOWYCH<\/p>\n","protected":false},"author":1,"featured_media":0,"parent":0,"menu_order":5,"comment_status":"closed","ping_status":"closed","template":"","meta":{"footnotes":""},"class_list":["post-146","page","type-page","status-publish","hentry"],"_links":{"self":[{"href":"https:\/\/www.zaparkiem.pl\/index.php?rest_route=\/wp\/v2\/pages\/146","targetHints":{"allow":["GET"]}}],"collection":[{"href":"https:\/\/www.zaparkiem.pl\/index.php?rest_route=\/wp\/v2\/pages"}],"about":[{"href":"https:\/\/www.zaparkiem.pl\/index.php?rest_route=\/wp\/v2\/types\/page"}],"author":[{"embeddable":true,"href":"https:\/\/www.zaparkiem.pl\/index.php?rest_route=\/wp\/v2\/users\/1"}],"replies":[{"embeddable":true,"href":"https:\/\/www.zaparkiem.pl\/index.php?rest_route=%2Fwp%2Fv2%2Fcomments&post=146"}],"version-history":[{"count":22,"href":"https:\/\/www.zaparkiem.pl\/index.php?rest_route=\/wp\/v2\/pages\/146\/revisions"}],"predecessor-version":[{"id":1205,"href":"https:\/\/www.zaparkiem.pl\/index.php?rest_route=\/wp\/v2\/pages\/146\/revisions\/1205"}],"wp:attachment":[{"href":"https:\/\/www.zaparkiem.pl\/index.php?rest_route=%2Fwp%2Fv2%2Fmedia&parent=146"}],"curies":[{"name":"wp","href":"https:\/\/api.w.org\/{rel}","templated":true}]}}